 874409303 a composite number?
False
Is 1440775237 a composite number?
True
Is 1654140659 a prime number?
True
Is 10452359129 composite?
True
Is 239412867521 composite?
False
Is 8970073181 prime?
True
Is 539866423 a composite number?
True
Is 31735487387 prime?
True
Is 1721198179 a composite number?
False
Is 52351583 a composite number?
True
Is 43691851479 a prime number?
False
Is 1733316119 a composite number?
False
Is 185657869 composite?
False
Is 149153471 composite?
False
Is 39204050443 a prime number?
True
Is 12168135191 prime?
True
Is 43274677741 a composite number?
False
Is 64209581333 prime?
True
Is 22226642974 composite?
True
Is 1093596551 composite?
False
Is 11792237979 composite?
True
Is 1137590149 composite?
True
Is 1914759617 a composite number?
True
Is 8864880257 a prime number?
False
Is 18389420719 prime?
False
Is 180394481 composite?
False
Is 720788917 a prime number?
True
Is 32316372707 prime?
False
Is 3955479659 composite?
True
Is 2532617497 a composite number?
False
Is 3686264209 a prime number?
True
Is 4131130754 prime?
False
Is 207284153 prime?
True
Is 58055319661 a prime number?
False
Is 19058449139 a prime number?
True
Is 948819223 composite?
True
Is 1610004967 composite?
True
Is 460607801 prime?
True
Is 32804990489 prime?
True
Is 183505199 composite?
True
Is 762724561 a composite number?
True
Is 101348887183 prime?
False
Is 62279232271 a composite number?
False
Is 173951922758 a prime number?
False
Is 2531756093 composite?
True
Is 89950781851 composite?
True
Is 51780613 a composite number?
True
Is 259891759 a composite number?
False
Is 28559755363 a composite number?
False
Is 137780303 a composite number?
True
Is 1158911059 a prime number?
True
Is 162700511737 a composite number?
True
Is 214985933 composite?
True
Is 8935358359 composite?
False
Is 4131210221 a prime number?
True
Is 952178677 a composite number?
False
Is 1204648427 a composite number?
False
Is 712453789 composite?
False
Is 1907021981 a prime number?
True
Is 297707773 a composite number?
True
Is 143792947 prime?
True
Is 182331278369 a composite number?
True
Is 17116630393 a composite number?
True
Is 3565216859 a composite number?
False
Is 234303073 prime?
False
Is 445042613 composite?
True
Is 1417465046 composite?
True
Is 104401235153 a composite number?
False
Is 91897567 composite?
False
Is 3461142791 prime?
False
Is 774009607 a composite number?
True
Is 250225789 prime?
False
Is 2491924663 a composite number?
True
Is 2209432213 a prime number?
True
Is 930282773 prime?
False
Is 23563349119 composite?
False
Is 140762701 a composite number?
False
Is 19900438081 a prime number?
True
Is 60357581 prime?
True
Is 4000502027 composite?
True
Is 1665808093 a composite number?
False
Is 5837053003 composite?
True
Is 1188314542 prime?
False
Is 13427139491 prime?
True
Is 1677080387 a prime number?
False
Is 553461943 composite?
False
Is 10260117187 a composite number?
False
Is 10293476131 a composite number?
False
Is 2678257189 a prime number?
True
Is 124495354541 prime?
False
Is 112574507 a prime number?
True
Is 31086556021 prime?
False
Is 5768430691 a composite number?
False
Is 155083781401 a composite number?
False
Is 2032919206 a prime number?
False
Is 63716215582 composite?
True
Is 266995711 a prime number?
True
Is 19010915783 a composite number?
True
Is 20473841893 a prime number?
False
Is 62792878579 prime?
True
Is 113788541 prime?
True
Is 1397380529 composite?
True
Is 1286866993 composite?
True
Is 51997739 a prime number?
True
Is 687721793 prime?
False
Is 4088975621 prime?
False
Is 317114419 composite?
False
Is 701819909 a composite number?
True
Is 598093861 prime?
True
Is 211049316707 prime?
False
Is 571758457 a prime number?
True
Is 28156269913 prime?
True
Is 24702980459 prime?
False
Is 1673674781 a prime number?
False
Is 27717004751 a composite number?
False
Is 25228421143 prime?
False
Is 16962964757 composite?
True
Is 500593553 a prime number?
True
Is 2102881201 composite?
True
Is 1683356837 prime?
True
Is 35655383129 a composite number?
False
Is 101496041 composite?
False
Is 2472584453 a prime number?
True
Is 1092205133 composite?
False
Is 56973351 a prime number?
False
Is 84950546683 a prime number?
False
Is 398485697 a prime number?
True
Is 165180946235 a prime number?
False
Is 660061399 a prime number?
True
Is 8866954891 a prime number?
True
Is 477165869 prime?
False
Is 845406143 a prime number?
True
Is 696561799 composite?
True
Is 947737909 composite?
True
Is 2816454442 prime?
False
Is 35170919803 a composite number?
False
Is 111899981 prime?
True
Is 42205962089 a composite number?
False
Is 8086418489 prime?
True
Is 796444043 prime?
False
Is 4288356047 composite?
False
Is 12449499649 a prime number?
False
Is 16518727333 prime?
False
Is 11636456719 prime?
True
Is 8759454989 a composite number?
False
Is 1156436287 composite?
True
Is 49336243183 composite?
False
Is 38212829 prime?
True
Is 204793867 prime?
False
Is 9355427 a prime number?
True
Is 155540481361 composite?
True
Is 421186963 a composite number?
False
Is 165345131 prime?
False
Is 170140455385 composite?
True
Is 1212665919689 a prime number?
False
Is 53014431307 composite?
False
Is 37351369579 a composite number?
True
Is 1963842073 composite?
True
Is 171955723 prime?
True
Is 137709941189 prime?
True
Is 12877177567 composite?
True
Is 39299973649 prime?
False
Is 9972377 a prime number?
True
Is 3343221227 a prime number?
True
Is 5376092413 a prime number?
False
Is 1696794811 composite?
False
Is 3690494333 a prime number?
False
Is 96530902367 a prime number?
True
Is 3734509645 composite?
True
Is 208145389 prime?
True
Is 48571111739 a composite number?
True
Is 167235366307 composite?
False
Is 133080999169 composite?
False
Is 6067005887 a prime number?
True
Is 937710731 prime?
True
Is 3185996129 a prime number?
False
Is 4446863803 composite?
False
Is 46006917407 composite?
True
Is 17562575689 prime?
True
Is 6320362453 a composite number?
False
Is 2362286869 a composite number?
False
Is 79392965149 composite?
True
Is 248041687 a composite number?
False
Is 51268876201 a prime number?
True
Is 55420392161 a prime number?
False
Is 960105019 a prime number?
False
Is 23833467251 a composite number?
True
Is 115063692017 a prime number?
True
Is 720554587 a composite number?
False
Is 87421144249 a composite number?
True
Is 928142909 a prime number?
True
Is 2999395339 composite?
True
Is 8923712899 composite?
False
Is 4684964447 a prime number?
False
Is 2111745089 a composite number?
True
Is 8819775505 prime?
False
Is 98756523917 prime?
False
Is 382588517 composite?
False
Is 5504147777 composite?
False
Is 1451171621 prime?
True
Is 206045521 a prime number?
False
Is 11917317317 prime?
False
Is 141969599 composite?
False
Is 13603685467 prime?
False
Is 6770423437 prime?
True
Is 779822651 prime?
True
Is 1062675893 a prime number?
True
Is 1871445787 prime?
False
Is 5396527913 prime?
False
Is 1272832241 composite?
False
Is 2631936779 a prime number?
False
Is 2540917 a composite number?
True
Is 273575878165 composite?
True
Is 30109938679 composite?
False
Is 7289755019 a prime number?
True
Is 27996848083 a composite number?
True
Is 112119665813 a prime number?
False
Is 675391919 composite?
False
Is 17531382299 a composite number?
True
Is 331985837 prime?
False
Is 42375451303 prime?
True
Is 2830907302 a composite number?
True
Is 2557244231 prime?
True
Is 184415393 a prime number?
False
Is 2092114961 prime?
False
Is 2783533667 composite?
False
Is 4157262089 a prime number?
True
Is 5752147937 a prime number?
True
Is 3325140053 a composite number?
False
Is 9052369087 composite?
False
Is 1273668767 a composite number?
True
Is 1304447497 prime?
True
Is 66191381959 a composite number?
False
Is 4167452507 a prime number?
True
Is 24635239613 composite?
True
Is 13575855977 composite?
False
Is 6746286413 a prime number?
False
Is 2923751173 a composite number?
True
Is 2023107139 composite?
True
Is 892358927 composite?
False
Is 189152094667 a composite number?
True
Is 1495269949 prime?
True
Is 1656376313 a prime number?
True
Is 885082951 a prime number?
False
Is 881981533 a composite number?
True
Is 5253365063 composite?
False
Is 4192879087 a composite number?
True
Is 4635988271 a prime number?
False
Is 198726443 composite?
False
